{"id":597,"date":"2012-06-17T18:27:49","date_gmt":"2012-06-17T17:27:49","guid":{"rendered":"https:\/\/mittgym.se\/barkaby\/?page_id=597"},"modified":"2025-06-09T11:27:50","modified_gmt":"2025-06-09T09:27:50","slug":"bli-medlem-har","status":"publish","type":"page","link":"https:\/\/mittgym.se\/barkarby\/medlemskap-priser\/bli-medlem-har\/","title":{"rendered":"Bli medlem h\u00e4r"},"content":{"rendered":"<h2 style=\"text-align: center\">Bli medlem p\u00e5 MittGym Barkarby<\/h2>\n<p style=\"text-align: center\">Registreringen \u00e4r enkel. Du kan v\u00e4lja att betala med autogiro eller kortbetalning. N\u00e4r registreringen \u00e4r klar kommer du f\u00e5 ett bekr\u00e4ftelsemail och kvitto. Inpassering till gymmet sker enkelt via appen GoActive som du laddar ner till din mobil via AppStore eller GooglePlay. Ange v\u00e5r anl\u00e4ggningskod 021600, logga in och registrera dig p\u00e5 MittGym Barkarby och b\u00f6rja tr\u00e4na idag! F\u00f6r att \u00f6ppna entr\u00e9d\u00f6rren m\u00e5ste Bluetooth och Platstj\u00e4nster vara aktiverade, och sedan trycker du p\u00e5 Bluetooth-ikonen nere i h\u00f6gra h\u00f6rnet i appen f\u00f6r att l\u00e5sa upp d\u00f6rren.<\/p>\n<p style=\"text-align: center\"><a class=\"btn\" href=\"https:\/\/mittgym.goactivebooking.com\/\" target=\"_blank\" rel=\"noopener noreferrer\">Bli medlem nu<\/a><\/p>\n<p style=\"text-align: center\"><a class=\"btn\" href=\"https:\/\/mittgym.goactivebooking.com\/?providerCode=021600\" target=\"_blank\" rel=\"noopener noreferrer\">GoActive Appen<\/a><\/p>\n<p>&nbsp;<\/p>\n<p><a href=\"https:\/\/mittgym.se\/barkarby\/wp-content\/uploads\/sites\/3\/2024\/10\/go-active-medlemsapp.jpg\"><img decoding=\"async\" class=\"alignnone wp-image-3155 size-full lazyload\" data-src=\"https:\/\/mittgym.se\/barkarby\/wp-content\/uploads\/sites\/3\/2024\/10\/go-active-medlemsapp.jpg\" alt=\"\" width=\"1600\" height=\"1128\" data-srcset=\"https:\/\/mittgym.se\/barkarby\/wp-content\/uploads\/sites\/3\/2024\/10\/go-active-medlemsapp.jpg 1600w, https:\/\/mittgym.se\/barkarby\/wp-content\/uploads\/sites\/3\/2024\/10\/go-active-medlemsapp-300x212.jpg 300w, https:\/\/mittgym.se\/barkarby\/wp-content\/uploads\/sites\/3\/2024\/10\/go-active-medlemsapp-768x541.jpg 768w, https:\/\/mittgym.se\/barkarby\/wp-content\/uploads\/sites\/3\/2024\/10\/go-active-medlemsapp-1536x1083.jpg 1536w\" data-sizes=\"(max-width: 1600px) 100vw, 1600px\" src=\"data:image\/svg+xml;base64,PHN2ZyB3aWR0aD0iMSIgaGVpZ2h0PSIxIiB4bWxucz0iaHR0cDovL3d3dy53My5vcmcvMjAwMC9zdmciPjwvc3ZnPg==\" style=\"--smush-placeholder-width: 1600px; --smush-placeholder-aspect-ratio: 1600\/1128;\" \/><\/a><\/p>\n","protected":false},"excerpt":{"rendered":"<p>Bli medlem p\u00e5 MittGym Barkarby Registreringen \u00e4r enkel. Du kan v\u00e4lja att betala med autogiro eller kortbetalning. N\u00e4r registreringen \u00e4r klar kommer du f\u00e5 ett&#8230;<\/p>\n","protected":false},"author":1,"featured_media":0,"parent":17,"menu_order":9,"comment_status":"closed","ping_status":"closed","template":"","meta":{"_acf_changed":false,"footnotes":""},"class_list":["post-597","page","type-page","status-publish","hentry"],"acf":[],"yoast_head":"<!-- This site is optimized with the Yoast SEO plugin v27.1.1 - https:\/\/yoast.com\/product\/yoast-seo-wordpress\/ -->\n<title>Bli medlem h\u00e4r - MittGym Barkarby<\/title>\n<meta name=\"robots\" content=\"index, follow, max-snippet:-1, max-image-preview:large, max-video-preview:-1\" \/>\n<link rel=\"canonical\" href=\"https:\/\/mittgym.se\/barkarby\/medlemskap-priser\/bli-medlem-har\/\" \/>\n<meta property=\"og:locale\" content=\"sv_SE\" \/>\n<meta property=\"og:type\" content=\"article\" \/>\n<meta property=\"og:title\" content=\"Bli medlem h\u00e4r - MittGym Barkarby\" \/>\n<meta property=\"og:description\" content=\"Bli medlem p\u00e5 MittGym Barkarby Registreringen \u00e4r enkel. Du kan v\u00e4lja att betala med autogiro eller kortbetalning. N\u00e4r registreringen \u00e4r klar kommer du f\u00e5 ett...\" \/>\n<meta property=\"og:url\" content=\"https:\/\/mittgym.se\/barkarby\/medlemskap-priser\/bli-medlem-har\/\" \/>\n<meta property=\"og:site_name\" content=\"MittGym Barkarby\" \/>\n<meta property=\"article:publisher\" content=\"https:\/\/www.facebook.com\/mittgym.se\" \/>\n<meta property=\"article:modified_time\" content=\"2025-06-09T09:27:50+00:00\" \/>\n<meta property=\"og:image\" content=\"https:\/\/mittgym.se\/barkarby\/wp-content\/uploads\/sites\/3\/2024\/10\/go-active-medlemsapp.jpg\" \/>\n\t<meta property=\"og:image:width\" content=\"1600\" \/>\n\t<meta property=\"og:image:height\" content=\"1128\" \/>\n\t<meta property=\"og:image:type\" content=\"image\/jpeg\" \/>\n<meta name=\"twitter:card\" content=\"summary_large_image\" \/>\n<meta name=\"twitter:label1\" content=\"Ber\u00e4knad l\u00e4stid\" \/>\n\t<meta name=\"twitter:data1\" content=\"1 minut\" \/>\n<script type=\"application\/ld+json\" class=\"yoast-schema-graph\">{\"@context\":\"https:\/\/schema.org\",\"@graph\":[{\"@type\":\"WebPage\",\"@id\":\"https:\/\/mittgym.se\/barkarby\/medlemskap-priser\/bli-medlem-har\/\",\"url\":\"https:\/\/mittgym.se\/barkarby\/medlemskap-priser\/bli-medlem-har\/\",\"name\":\"Bli medlem h\u00e4r - MittGym Barkarby\",\"isPartOf\":{\"@id\":\"https:\/\/mittgym.se\/barkarby\/#website\"},\"primaryImageOfPage\":{\"@id\":\"https:\/\/mittgym.se\/barkarby\/medlemskap-priser\/bli-medlem-har\/#primaryimage\"},\"image\":{\"@id\":\"https:\/\/mittgym.se\/barkarby\/medlemskap-priser\/bli-medlem-har\/#primaryimage\"},\"thumbnailUrl\":\"https:\/\/mittgym.se\/barkarby\/wp-content\/uploads\/sites\/3\/2024\/10\/go-active-medlemsapp.jpg\",\"datePublished\":\"2012-06-17T17:27:49+00:00\",\"dateModified\":\"2025-06-09T09:27:50+00:00\",\"breadcrumb\":{\"@id\":\"https:\/\/mittgym.se\/barkarby\/medlemskap-priser\/bli-medlem-har\/#breadcrumb\"},\"inLanguage\":\"sv-SE\",\"potentialAction\":[{\"@type\":\"ReadAction\",\"target\":[\"https:\/\/mittgym.se\/barkarby\/medlemskap-priser\/bli-medlem-har\/\"]}]},{\"@type\":\"ImageObject\",\"inLanguage\":\"sv-SE\",\"@id\":\"https:\/\/mittgym.se\/barkarby\/medlemskap-priser\/bli-medlem-har\/#primaryimage\",\"url\":\"https:\/\/mittgym.se\/barkarby\/wp-content\/uploads\/sites\/3\/2024\/10\/go-active-medlemsapp.jpg\",\"contentUrl\":\"https:\/\/mittgym.se\/barkarby\/wp-content\/uploads\/sites\/3\/2024\/10\/go-active-medlemsapp.jpg\",\"width\":1600,\"height\":1128},{\"@type\":\"BreadcrumbList\",\"@id\":\"https:\/\/mittgym.se\/barkarby\/medlemskap-priser\/bli-medlem-har\/#breadcrumb\",\"itemListElement\":[{\"@type\":\"ListItem\",\"position\":1,\"name\":\"Hem\",\"item\":\"https:\/\/mittgym.se\/barkarby\/\"},{\"@type\":\"ListItem\",\"position\":2,\"name\":\"Medlemskap &amp; priser\",\"item\":\"https:\/\/mittgym.se\/barkarby\/medlemskap-priser\/\"},{\"@type\":\"ListItem\",\"position\":3,\"name\":\"Bli medlem h\u00e4r\"}]},{\"@type\":\"WebSite\",\"@id\":\"https:\/\/mittgym.se\/barkarby\/#website\",\"url\":\"https:\/\/mittgym.se\/barkarby\/\",\"name\":\"MittGym Barkarby\",\"description\":\"\",\"publisher\":{\"@id\":\"https:\/\/mittgym.se\/barkarby\/#organization\"},\"potentialAction\":[{\"@type\":\"SearchAction\",\"target\":{\"@type\":\"EntryPoint\",\"urlTemplate\":\"https:\/\/mittgym.se\/barkarby\/?s={search_term_string}\"},\"query-input\":{\"@type\":\"PropertyValueSpecification\",\"valueRequired\":true,\"valueName\":\"search_term_string\"}}],\"inLanguage\":\"sv-SE\"},{\"@type\":\"Organization\",\"@id\":\"https:\/\/mittgym.se\/barkarby\/#organization\",\"name\":\"MittGym\",\"url\":\"https:\/\/mittgym.se\/barkarby\/\",\"logo\":{\"@type\":\"ImageObject\",\"inLanguage\":\"sv-SE\",\"@id\":\"https:\/\/mittgym.se\/barkarby\/#\/schema\/logo\/image\/\",\"url\":\"https:\/\/mittgym.se\/barkaby\/wp-content\/uploads\/sites\/3\/2017\/03\/mittgym-og-default.jpg\",\"contentUrl\":\"https:\/\/mittgym.se\/barkaby\/wp-content\/uploads\/sites\/3\/2017\/03\/mittgym-og-default.jpg\",\"width\":500,\"height\":500,\"caption\":\"MittGym\"},\"image\":{\"@id\":\"https:\/\/mittgym.se\/barkarby\/#\/schema\/logo\/image\/\"},\"sameAs\":[\"https:\/\/www.facebook.com\/mittgym.se\",\"https:\/\/www.instagram.com\/mittgym\/\"]}]}<\/script>\n<!-- \/ Yoast SEO plugin. -->","yoast_head_json":{"title":"Bli medlem h\u00e4r - MittGym Barkarby","robots":{"index":"index","follow":"follow","max-snippet":"max-snippet:-1","max-image-preview":"max-image-preview:large","max-video-preview":"max-video-preview:-1"},"canonical":"https:\/\/mittgym.se\/barkarby\/medlemskap-priser\/bli-medlem-har\/","og_locale":"sv_SE","og_type":"article","og_title":"Bli medlem h\u00e4r - MittGym Barkarby","og_description":"Bli medlem p\u00e5 MittGym Barkarby Registreringen \u00e4r enkel. Du kan v\u00e4lja att betala med autogiro eller kortbetalning. N\u00e4r registreringen \u00e4r klar kommer du f\u00e5 ett...","og_url":"https:\/\/mittgym.se\/barkarby\/medlemskap-priser\/bli-medlem-har\/","og_site_name":"MittGym Barkarby","article_publisher":"https:\/\/www.facebook.com\/mittgym.se","article_modified_time":"2025-06-09T09:27:50+00:00","og_image":[{"width":1600,"height":1128,"url":"https:\/\/mittgym.se\/barkarby\/wp-content\/uploads\/sites\/3\/2024\/10\/go-active-medlemsapp.jpg","type":"image\/jpeg"}],"twitter_card":"summary_large_image","twitter_misc":{"Ber\u00e4knad l\u00e4stid":"1 minut"},"schema":{"@context":"https:\/\/schema.org","@graph":[{"@type":"WebPage","@id":"https:\/\/mittgym.se\/barkarby\/medlemskap-priser\/bli-medlem-har\/","url":"https:\/\/mittgym.se\/barkarby\/medlemskap-priser\/bli-medlem-har\/","name":"Bli medlem h\u00e4r - MittGym Barkarby","isPartOf":{"@id":"https:\/\/mittgym.se\/barkarby\/#website"},"primaryImageOfPage":{"@id":"https:\/\/mittgym.se\/barkarby\/medlemskap-priser\/bli-medlem-har\/#primaryimage"},"image":{"@id":"https:\/\/mittgym.se\/barkarby\/medlemskap-priser\/bli-medlem-har\/#primaryimage"},"thumbnailUrl":"https:\/\/mittgym.se\/barkarby\/wp-content\/uploads\/sites\/3\/2024\/10\/go-active-medlemsapp.jpg","datePublished":"2012-06-17T17:27:49+00:00","dateModified":"2025-06-09T09:27:50+00:00","breadcrumb":{"@id":"https:\/\/mittgym.se\/barkarby\/medlemskap-priser\/bli-medlem-har\/#breadcrumb"},"inLanguage":"sv-SE","potentialAction":[{"@type":"ReadAction","target":["https:\/\/mittgym.se\/barkarby\/medlemskap-priser\/bli-medlem-har\/"]}]},{"@type":"ImageObject","inLanguage":"sv-SE","@id":"https:\/\/mittgym.se\/barkarby\/medlemskap-priser\/bli-medlem-har\/#primaryimage","url":"https:\/\/mittgym.se\/barkarby\/wp-content\/uploads\/sites\/3\/2024\/10\/go-active-medlemsapp.jpg","contentUrl":"https:\/\/mittgym.se\/barkarby\/wp-content\/uploads\/sites\/3\/2024\/10\/go-active-medlemsapp.jpg","width":1600,"height":1128},{"@type":"BreadcrumbList","@id":"https:\/\/mittgym.se\/barkarby\/medlemskap-priser\/bli-medlem-har\/#breadcrumb","itemListElement":[{"@type":"ListItem","position":1,"name":"Hem","item":"https:\/\/mittgym.se\/barkarby\/"},{"@type":"ListItem","position":2,"name":"Medlemskap &amp; priser","item":"https:\/\/mittgym.se\/barkarby\/medlemskap-priser\/"},{"@type":"ListItem","position":3,"name":"Bli medlem h\u00e4r"}]},{"@type":"WebSite","@id":"https:\/\/mittgym.se\/barkarby\/#website","url":"https:\/\/mittgym.se\/barkarby\/","name":"MittGym Barkarby","description":"","publisher":{"@id":"https:\/\/mittgym.se\/barkarby\/#organization"},"potentialAction":[{"@type":"SearchAction","target":{"@type":"EntryPoint","urlTemplate":"https:\/\/mittgym.se\/barkarby\/?s={search_term_string}"},"query-input":{"@type":"PropertyValueSpecification","valueRequired":true,"valueName":"search_term_string"}}],"inLanguage":"sv-SE"},{"@type":"Organization","@id":"https:\/\/mittgym.se\/barkarby\/#organization","name":"MittGym","url":"https:\/\/mittgym.se\/barkarby\/","logo":{"@type":"ImageObject","inLanguage":"sv-SE","@id":"https:\/\/mittgym.se\/barkarby\/#\/schema\/logo\/image\/","url":"https:\/\/mittgym.se\/barkaby\/wp-content\/uploads\/sites\/3\/2017\/03\/mittgym-og-default.jpg","contentUrl":"https:\/\/mittgym.se\/barkaby\/wp-content\/uploads\/sites\/3\/2017\/03\/mittgym-og-default.jpg","width":500,"height":500,"caption":"MittGym"},"image":{"@id":"https:\/\/mittgym.se\/barkarby\/#\/schema\/logo\/image\/"},"sameAs":["https:\/\/www.facebook.com\/mittgym.se","https:\/\/www.instagram.com\/mittgym\/"]}]}},"_links":{"self":[{"href":"https:\/\/mittgym.se\/barkarby\/wp-json\/wp\/v2\/pages\/597","targetHints":{"allow":["GET"]}}],"collection":[{"href":"https:\/\/mittgym.se\/barkarby\/wp-json\/wp\/v2\/pages"}],"about":[{"href":"https:\/\/mittgym.se\/barkarby\/wp-json\/wp\/v2\/types\/page"}],"author":[{"embeddable":true,"href":"https:\/\/mittgym.se\/barkarby\/wp-json\/wp\/v2\/users\/1"}],"replies":[{"embeddable":true,"href":"https:\/\/mittgym.se\/barkarby\/wp-json\/wp\/v2\/comments?post=597"}],"version-history":[{"count":16,"href":"https:\/\/mittgym.se\/barkarby\/wp-json\/wp\/v2\/pages\/597\/revisions"}],"predecessor-version":[{"id":3220,"href":"https:\/\/mittgym.se\/barkarby\/wp-json\/wp\/v2\/pages\/597\/revisions\/3220"}],"up":[{"embeddable":true,"href":"https:\/\/mittgym.se\/barkarby\/wp-json\/wp\/v2\/pages\/17"}],"wp:attachment":[{"href":"https:\/\/mittgym.se\/barkarby\/wp-json\/wp\/v2\/media?parent=597"}],"curies":[{"name":"wp","href":"https:\/\/api.w.org\/{rel}","templated":true}]}}