{"id":186,"date":"2012-03-02T09:46:01","date_gmt":"2012-03-02T08:46:01","guid":{"rendered":"https:\/\/mittgym.se\/solna\/mittgym\/?page_id=186"},"modified":"2025-11-15T22:31:40","modified_gmt":"2025-11-15T21:31:40","slug":"personlig-traning","status":"publish","type":"page","link":"https:\/\/mittgym.se\/solna\/om-oss\/personlig-traning\/","title":{"rendered":"Personlig Tr\u00e4ning"},"content":{"rendered":"<h1 style=\"text-align: center\">PERSONLIG TR\u00c4NING P\u00c5 MITTGYM solna<\/h1>\n<p style=\"text-align: center\">Bekanta dig med v\u00e5rt PT-team som hj\u00e4lper dig att n\u00e5 dina tr\u00e4ningsm\u00e5l! Tr\u00e4na med PT p\u00e5 plats i gymmet eller online och f\u00e5 hj\u00e4lp med att uppn\u00e5 det du vill med tr\u00e4ningen, tack vare \u00f6vningar och tr\u00e4ningsschema som \u00e4r anpassat f\u00f6r just dig. Dessutom blir tr\u00e4ningen roligare och mer kontinuerlig med motivationen av en PT. Vid registrering av ett medlemskap ing\u00e5r 30 min PT-intro.<\/p>\n<p style=\"text-align: center\"><em>Avbokning sker senast 12.00 dagen innan din bokade tid, annars utg\u00e5r full debitering. G\u00e4ller b\u00e5de PT och PT-intro.\u00a0<\/em><\/p>\n","protected":false},"excerpt":{"rendered":"<p>PERSONLIG TR\u00c4NING P\u00c5 MITTGYM solna Bekanta dig med v\u00e5rt PT-team som hj\u00e4lper dig att n\u00e5 dina tr\u00e4ningsm\u00e5l! Tr\u00e4na med PT p\u00e5 plats i gymmet eller&#8230;<\/p>\n","protected":false},"author":1,"featured_media":0,"parent":14,"menu_order":4,"comment_status":"closed","ping_status":"closed","template":"","meta":{"_acf_changed":false,"footnotes":""},"class_list":["post-186","page","type-page","status-publish","hentry"],"acf":[],"yoast_head":"<!-- This site is optimized with the Yoast SEO plugin v27.1.1 - https:\/\/yoast.com\/product\/yoast-seo-wordpress\/ -->\n<title>Personlig Tr\u00e4ning - MittGym Solna<\/title>\n<meta name=\"robots\" content=\"index, follow, max-snippet:-1, max-image-preview:large, max-video-preview:-1\" \/>\n<link rel=\"canonical\" href=\"https:\/\/mittgym.se\/solna\/om-oss\/personlig-traning\/\" \/>\n<meta property=\"og:locale\" content=\"sv_SE\" \/>\n<meta property=\"og:type\" content=\"article\" \/>\n<meta property=\"og:title\" content=\"Personlig Tr\u00e4ning - MittGym Solna\" \/>\n<meta property=\"og:description\" content=\"PERSONLIG TR\u00c4NING P\u00c5 MITTGYM solna Bekanta dig med v\u00e5rt PT-team som hj\u00e4lper dig att n\u00e5 dina tr\u00e4ningsm\u00e5l! Tr\u00e4na med PT p\u00e5 plats i gymmet eller...\" \/>\n<meta property=\"og:url\" content=\"https:\/\/mittgym.se\/solna\/om-oss\/personlig-traning\/\" \/>\n<meta property=\"og:site_name\" content=\"MittGym Solna\" \/>\n<meta property=\"article:publisher\" content=\"https:\/\/www.facebook.com\/mittgym.se\/solna\/\" \/>\n<meta property=\"article:modified_time\" content=\"2025-11-15T21:31:40+00:00\" \/>\n<meta property=\"og:image\" content=\"https:\/\/mittgym.se\/solna\/wp-content\/uploads\/sites\/2\/2017\/03\/mittgym-og-default.jpg\" \/>\n\t<meta property=\"og:image:width\" content=\"500\" \/>\n\t<meta property=\"og:image:height\" content=\"500\" \/>\n\t<meta property=\"og:image:type\" content=\"image\/jpeg\" \/>\n<meta name=\"twitter:card\" content=\"summary_large_image\" \/>\n<meta name=\"twitter:label1\" content=\"Ber\u00e4knad l\u00e4stid\" \/>\n\t<meta name=\"twitter:data1\" content=\"1 minut\" \/>\n<script type=\"application\/ld+json\" class=\"yoast-schema-graph\">{\"@context\":\"https:\/\/schema.org\",\"@graph\":[{\"@type\":\"WebPage\",\"@id\":\"https:\/\/mittgym.se\/solna\/om-oss\/personlig-traning\/\",\"url\":\"https:\/\/mittgym.se\/solna\/om-oss\/personlig-traning\/\",\"name\":\"Personlig Tr\u00e4ning - MittGym Solna\",\"isPartOf\":{\"@id\":\"https:\/\/mittgym.se\/solna\/#website\"},\"datePublished\":\"2012-03-02T08:46:01+00:00\",\"dateModified\":\"2025-11-15T21:31:40+00:00\",\"breadcrumb\":{\"@id\":\"https:\/\/mittgym.se\/solna\/om-oss\/personlig-traning\/#breadcrumb\"},\"inLanguage\":\"sv-SE\",\"potentialAction\":[{\"@type\":\"ReadAction\",\"target\":[\"https:\/\/mittgym.se\/solna\/om-oss\/personlig-traning\/\"]}]},{\"@type\":\"BreadcrumbList\",\"@id\":\"https:\/\/mittgym.se\/solna\/om-oss\/personlig-traning\/#breadcrumb\",\"itemListElement\":[{\"@type\":\"ListItem\",\"position\":1,\"name\":\"Hem\",\"item\":\"https:\/\/mittgym.se\/solna\/\"},{\"@type\":\"ListItem\",\"position\":2,\"name\":\"Om oss\",\"item\":\"https:\/\/mittgym.se\/solna\/om-oss\/\"},{\"@type\":\"ListItem\",\"position\":3,\"name\":\"Personlig Tr\u00e4ning\"}]},{\"@type\":\"WebSite\",\"@id\":\"https:\/\/mittgym.se\/solna\/#website\",\"url\":\"https:\/\/mittgym.se\/solna\/\",\"name\":\"MittGym Solna\",\"description\":\"\",\"publisher\":{\"@id\":\"https:\/\/mittgym.se\/solna\/#organization\"},\"potentialAction\":[{\"@type\":\"SearchAction\",\"target\":{\"@type\":\"EntryPoint\",\"urlTemplate\":\"https:\/\/mittgym.se\/solna\/?s={search_term_string}\"},\"query-input\":{\"@type\":\"PropertyValueSpecification\",\"valueRequired\":true,\"valueName\":\"search_term_string\"}}],\"inLanguage\":\"sv-SE\"},{\"@type\":\"Organization\",\"@id\":\"https:\/\/mittgym.se\/solna\/#organization\",\"name\":\"MittGym\",\"url\":\"https:\/\/mittgym.se\/solna\/\",\"logo\":{\"@type\":\"ImageObject\",\"inLanguage\":\"sv-SE\",\"@id\":\"https:\/\/mittgym.se\/solna\/#\/schema\/logo\/image\/\",\"url\":\"https:\/\/mittgym.se\/solna\/wp-content\/uploads\/sites\/2\/2017\/03\/mittgym-og-default.jpg\",\"contentUrl\":\"https:\/\/mittgym.se\/solna\/wp-content\/uploads\/sites\/2\/2017\/03\/mittgym-og-default.jpg\",\"width\":500,\"height\":500,\"caption\":\"MittGym\"},\"image\":{\"@id\":\"https:\/\/mittgym.se\/solna\/#\/schema\/logo\/image\/\"},\"sameAs\":[\"https:\/\/www.facebook.com\/mittgym.se\/solna\/\",\"https:\/\/www.instagram.com\/mittgym\/\"]}]}<\/script>\n<!-- \/ Yoast SEO plugin. -->","yoast_head_json":{"title":"Personlig Tr\u00e4ning - MittGym Solna","robots":{"index":"index","follow":"follow","max-snippet":"max-snippet:-1","max-image-preview":"max-image-preview:large","max-video-preview":"max-video-preview:-1"},"canonical":"https:\/\/mittgym.se\/solna\/om-oss\/personlig-traning\/","og_locale":"sv_SE","og_type":"article","og_title":"Personlig Tr\u00e4ning - MittGym Solna","og_description":"PERSONLIG TR\u00c4NING P\u00c5 MITTGYM solna Bekanta dig med v\u00e5rt PT-team som hj\u00e4lper dig att n\u00e5 dina tr\u00e4ningsm\u00e5l! Tr\u00e4na med PT p\u00e5 plats i gymmet eller...","og_url":"https:\/\/mittgym.se\/solna\/om-oss\/personlig-traning\/","og_site_name":"MittGym Solna","article_publisher":"https:\/\/www.facebook.com\/mittgym.se\/solna\/","article_modified_time":"2025-11-15T21:31:40+00:00","og_image":[{"width":500,"height":500,"url":"https:\/\/mittgym.se\/solna\/wp-content\/uploads\/sites\/2\/2017\/03\/mittgym-og-default.jpg","type":"image\/jpeg"}],"twitter_card":"summary_large_image","twitter_misc":{"Ber\u00e4knad l\u00e4stid":"1 minut"},"schema":{"@context":"https:\/\/schema.org","@graph":[{"@type":"WebPage","@id":"https:\/\/mittgym.se\/solna\/om-oss\/personlig-traning\/","url":"https:\/\/mittgym.se\/solna\/om-oss\/personlig-traning\/","name":"Personlig Tr\u00e4ning - MittGym Solna","isPartOf":{"@id":"https:\/\/mittgym.se\/solna\/#website"},"datePublished":"2012-03-02T08:46:01+00:00","dateModified":"2025-11-15T21:31:40+00:00","breadcrumb":{"@id":"https:\/\/mittgym.se\/solna\/om-oss\/personlig-traning\/#breadcrumb"},"inLanguage":"sv-SE","potentialAction":[{"@type":"ReadAction","target":["https:\/\/mittgym.se\/solna\/om-oss\/personlig-traning\/"]}]},{"@type":"BreadcrumbList","@id":"https:\/\/mittgym.se\/solna\/om-oss\/personlig-traning\/#breadcrumb","itemListElement":[{"@type":"ListItem","position":1,"name":"Hem","item":"https:\/\/mittgym.se\/solna\/"},{"@type":"ListItem","position":2,"name":"Om oss","item":"https:\/\/mittgym.se\/solna\/om-oss\/"},{"@type":"ListItem","position":3,"name":"Personlig Tr\u00e4ning"}]},{"@type":"WebSite","@id":"https:\/\/mittgym.se\/solna\/#website","url":"https:\/\/mittgym.se\/solna\/","name":"MittGym Solna","description":"","publisher":{"@id":"https:\/\/mittgym.se\/solna\/#organization"},"potentialAction":[{"@type":"SearchAction","target":{"@type":"EntryPoint","urlTemplate":"https:\/\/mittgym.se\/solna\/?s={search_term_string}"},"query-input":{"@type":"PropertyValueSpecification","valueRequired":true,"valueName":"search_term_string"}}],"inLanguage":"sv-SE"},{"@type":"Organization","@id":"https:\/\/mittgym.se\/solna\/#organization","name":"MittGym","url":"https:\/\/mittgym.se\/solna\/","logo":{"@type":"ImageObject","inLanguage":"sv-SE","@id":"https:\/\/mittgym.se\/solna\/#\/schema\/logo\/image\/","url":"https:\/\/mittgym.se\/solna\/wp-content\/uploads\/sites\/2\/2017\/03\/mittgym-og-default.jpg","contentUrl":"https:\/\/mittgym.se\/solna\/wp-content\/uploads\/sites\/2\/2017\/03\/mittgym-og-default.jpg","width":500,"height":500,"caption":"MittGym"},"image":{"@id":"https:\/\/mittgym.se\/solna\/#\/schema\/logo\/image\/"},"sameAs":["https:\/\/www.facebook.com\/mittgym.se\/solna\/","https:\/\/www.instagram.com\/mittgym\/"]}]}},"_links":{"self":[{"href":"https:\/\/mittgym.se\/solna\/wp-json\/wp\/v2\/pages\/186","targetHints":{"allow":["GET"]}}],"collection":[{"href":"https:\/\/mittgym.se\/solna\/wp-json\/wp\/v2\/pages"}],"about":[{"href":"https:\/\/mittgym.se\/solna\/wp-json\/wp\/v2\/types\/page"}],"author":[{"embeddable":true,"href":"https:\/\/mittgym.se\/solna\/wp-json\/wp\/v2\/users\/1"}],"replies":[{"embeddable":true,"href":"https:\/\/mittgym.se\/solna\/wp-json\/wp\/v2\/comments?post=186"}],"version-history":[{"count":52,"href":"https:\/\/mittgym.se\/solna\/wp-json\/wp\/v2\/pages\/186\/revisions"}],"predecessor-version":[{"id":3240,"href":"https:\/\/mittgym.se\/solna\/wp-json\/wp\/v2\/pages\/186\/revisions\/3240"}],"up":[{"embeddable":true,"href":"https:\/\/mittgym.se\/solna\/wp-json\/wp\/v2\/pages\/14"}],"wp:attachment":[{"href":"https:\/\/mittgym.se\/solna\/wp-json\/wp\/v2\/media?parent=186"}],"curies":[{"name":"wp","href":"https:\/\/api.w.org\/{rel}","templated":true}]}}

Personlig Träning

<h1 style="text-align: center">PERSONLIG TRÄNING PÅ MITTGYM solna</h1>
<p style="text-align: center">Bekanta dig med vårt PT-team som hjälper dig att nå dina träningsmål! Träna med PT på plats i gymmet eller online och få hjälp med att uppnå det du vill med träningen, tack vare övningar och träningsschema som är anpassat för just dig. Dessutom blir träningen roligare och mer kontinuerlig med motivationen av en PT. Vid registrering av ett medlemskap ingår 30 min PT-intro.</p>
<p style="text-align: center"><em>Avbokning sker senast 12.00 dagen innan din bokade tid, annars utgår full debitering. Gäller både PT och PT-intro. </em></p>

<p>PERSONLIG TRÄNING PÅ MITTGYM solna Bekanta dig med vårt PT-team som hjälper dig att nå dina träningsmål! Träna med PT på plats i gymmet eller&#8230;</p>

<!-- This site is optimized with the Yoast SEO plugin v27.1.1 - https://yoast.com/product/yoast-seo-wordpress/ -->
<title>Personlig Träning - MittGym Solna</title>
<meta name="robots" content="index, follow, max-snippet:-1, max-image-preview:large, max-video-preview:-1" />
<link rel="canonical" href="https://mittgym.se/solna/om-oss/personlig-traning/" />
<meta property="og:locale" content="sv_SE" />
<meta property="og:type" content="article" />
<meta property="og:title" content="Personlig Träning - MittGym Solna" />
<meta property="og:description" content="PERSONLIG TRÄNING PÅ MITTGYM solna Bekanta dig med vårt PT-team som hjälper dig att nå dina träningsmål! Träna med PT på plats i gymmet eller..." />
<meta property="og:url" content="https://mittgym.se/solna/om-oss/personlig-traning/" />
<meta property="og:site_name" content="MittGym Solna" />
<meta property="article:publisher" content="https://www.facebook.com/mittgym.se/solna/" />
<meta property="article:modified_time" content="2025-11-15T21:31:40+00:00" />
<meta property="og:image" content="https://mittgym.se/solna/wp-content/uploads/sites/2/2017/03/mittgym-og-default.jpg" />
	<meta property="og:image:width" content="500" />
	<meta property="og:image:height" content="500" />
	<meta property="og:image:type" content="image/jpeg" />
<meta name="twitter:card" content="summary_large_image" />
<meta name="twitter:label1" content="Beräknad lästid" />
	<meta name="twitter:data1" content="1 minut" />
<script type="application/ld+json" class="yoast-schema-graph">{"@context":"https://schema.org","@graph":[{"@type":"WebPage","@id":"https://mittgym.se/solna/om-oss/personlig-traning/","url":"https://mittgym.se/solna/om-oss/personlig-traning/","name":"Personlig Träning - MittGym Solna","isPartOf":{"@id":"https://mittgym.se/solna/#website"},"datePublished":"2012-03-02T08:46:01+00:00","dateModified":"2025-11-15T21:31:40+00:00","breadcrumb":{"@id":"https://mittgym.se/solna/om-oss/personlig-traning/#breadcrumb"},"inLanguage":"sv-SE","potentialAction":[{"@type":"ReadAction","target":["https://mittgym.se/solna/om-oss/personlig-traning/"]}]},{"@type":"BreadcrumbList","@id":"https://mittgym.se/solna/om-oss/personlig-traning/#breadcrumb","itemListElement":[{"@type":"ListItem","position":1,"name":"Hem","item":"https://mittgym.se/solna/"},{"@type":"ListItem","position":2,"name":"Om oss","item":"https://mittgym.se/solna/om-oss/"},{"@type":"ListItem","position":3,"name":"Personlig Träning"}]},{"@type":"WebSite","@id":"https://mittgym.se/solna/#website","url":"https://mittgym.se/solna/","name":"MittGym Solna","description":"","publisher":{"@id":"https://mittgym.se/solna/#organization"},"potentialAction":[{"@type":"SearchAction","target":{"@type":"EntryPoint","urlTemplate":"https://mittgym.se/solna/?s={search_term_string}"},"query-input":{"@type":"PropertyValueSpecification","valueRequired":true,"valueName":"search_term_string"}}],"inLanguage":"sv-SE"},{"@type":"Organization","@id":"https://mittgym.se/solna/#organization","name":"MittGym","url":"https://mittgym.se/solna/","logo":{"@type":"ImageObject","inLanguage":"sv-SE","@id":"https://mittgym.se/solna/#/schema/logo/image/","url":"https://mittgym.se/solna/wp-content/uploads/sites/2/2017/03/mittgym-og-default.jpg","contentUrl":"https://mittgym.se/solna/wp-content/uploads/sites/2/2017/03/mittgym-og-default.jpg","width":500,"height":500,"caption":"MittGym"},"image":{"@id":"https://mittgym.se/solna/#/schema/logo/image/"},"sameAs":["https://www.facebook.com/mittgym.se/solna/","https://www.instagram.com/mittgym/"]}]}</script>
<!-- / Yoast SEO plugin. -->

Personlig Träning - MittGym Solna

PERSONLIG TRÄNING PÅ MITTGYM solna Bekanta dig med vårt PT-team som hjälper dig att nå dina träningsmål! Träna med PT på plats i gymmet eller...
