{"id":213,"date":"2012-03-02T10:37:44","date_gmt":"2012-03-02T09:37:44","guid":{"rendered":"https:\/\/mittgym.se\/solna\/mittgym\/?page_id=213"},"modified":"2019-04-09T14:52:20","modified_gmt":"2019-04-09T12:52:20","slug":"ge-bort-traning-i-present","status":"publish","type":"page","link":"https:\/\/mittgym.se\/solna\/medlemskap-priser\/ge-bort-traning-i-present\/","title":{"rendered":"Presentkort"},"content":{"rendered":"<h2 style=\"text-align: center\">Presentkort p\u00e5 tr\u00e4ning<\/h2>\n<p style=\"text-align: center\">Att ge bort tr\u00e4ning till n\u00e5gon du bryr dig om \u00e4r en grymt uppskattad present. Ge bort ett \u00e5rsmedlemskap eller varf\u00f6r inte tre m\u00e5naders medlemskap med n\u00e5gra timmar personlig tr\u00e4ning?<\/p>\n<p style=\"text-align: center\">Kontakta oss p\u00e5 <a href=\"mailto:info@mittgym.se\/solna\">info@mittgym.se\/solna<\/a> s\u00e5 hj\u00e4lper vi dig att ordna presenten s\u00e5 att den blir precis s\u00e5 som du vill ha den.<\/p>\n","protected":false},"excerpt":{"rendered":"<p>Presentkort p\u00e5 tr\u00e4ning Att ge bort tr\u00e4ning till n\u00e5gon du bryr dig om \u00e4r en grymt uppskattad present. Ge bort ett \u00e5rsmedlemskap eller varf\u00f6r inte&#8230;<\/p>\n","protected":false},"author":1,"featured_media":0,"parent":17,"menu_order":50,"comment_status":"closed","ping_status":"closed","template":"","meta":{"_acf_changed":false,"footnotes":""},"class_list":["post-213","page","type-page","status-publish","hentry"],"acf":[],"yoast_head":"<!-- This site is optimized with the Yoast SEO plugin v27.1.1 - https:\/\/yoast.com\/product\/yoast-seo-wordpress\/ -->\n<title>Presentkort - MittGym Solna<\/title>\n<meta name=\"robots\" content=\"index, follow, max-snippet:-1, max-image-preview:large, max-video-preview:-1\" \/>\n<link rel=\"canonical\" href=\"https:\/\/mittgym.se\/solna\/medlemskap-priser\/ge-bort-traning-i-present\/\" \/>\n<meta property=\"og:locale\" content=\"sv_SE\" \/>\n<meta property=\"og:type\" content=\"article\" \/>\n<meta property=\"og:title\" content=\"Presentkort - MittGym Solna\" \/>\n<meta property=\"og:description\" content=\"Presentkort p\u00e5 tr\u00e4ning Att ge bort tr\u00e4ning till n\u00e5gon du bryr dig om \u00e4r en grymt uppskattad present. Ge bort ett \u00e5rsmedlemskap eller varf\u00f6r inte...\" \/>\n<meta property=\"og:url\" content=\"https:\/\/mittgym.se\/solna\/medlemskap-priser\/ge-bort-traning-i-present\/\" \/>\n<meta property=\"og:site_name\" content=\"MittGym Solna\" \/>\n<meta property=\"article:publisher\" content=\"https:\/\/www.facebook.com\/mittgym.se\/solna\/\" \/>\n<meta property=\"article:modified_time\" content=\"2019-04-09T12:52:20+00:00\" \/>\n<meta property=\"og:image\" content=\"https:\/\/mittgym.se\/solna\/wp-content\/uploads\/sites\/2\/2017\/03\/mittgym-og-default.jpg\" \/>\n\t<meta property=\"og:image:width\" content=\"500\" \/>\n\t<meta property=\"og:image:height\" content=\"500\" \/>\n\t<meta property=\"og:image:type\" content=\"image\/jpeg\" \/>\n<meta name=\"twitter:card\" content=\"summary_large_image\" \/>\n<script type=\"application\/ld+json\" class=\"yoast-schema-graph\">{\"@context\":\"https:\/\/schema.org\",\"@graph\":[{\"@type\":\"WebPage\",\"@id\":\"https:\/\/mittgym.se\/solna\/medlemskap-priser\/ge-bort-traning-i-present\/\",\"url\":\"https:\/\/mittgym.se\/solna\/medlemskap-priser\/ge-bort-traning-i-present\/\",\"name\":\"Presentkort - MittGym Solna\",\"isPartOf\":{\"@id\":\"https:\/\/mittgym.se\/solna\/#website\"},\"datePublished\":\"2012-03-02T09:37:44+00:00\",\"dateModified\":\"2019-04-09T12:52:20+00:00\",\"breadcrumb\":{\"@id\":\"https:\/\/mittgym.se\/solna\/medlemskap-priser\/ge-bort-traning-i-present\/#breadcrumb\"},\"inLanguage\":\"sv-SE\",\"potentialAction\":[{\"@type\":\"ReadAction\",\"target\":[\"https:\/\/mittgym.se\/solna\/medlemskap-priser\/ge-bort-traning-i-present\/\"]}]},{\"@type\":\"BreadcrumbList\",\"@id\":\"https:\/\/mittgym.se\/solna\/medlemskap-priser\/ge-bort-traning-i-present\/#breadcrumb\",\"itemListElement\":[{\"@type\":\"ListItem\",\"position\":1,\"name\":\"Hem\",\"item\":\"https:\/\/mittgym.se\/solna\/\"},{\"@type\":\"ListItem\",\"position\":2,\"name\":\"Medlemskap &amp; priser\",\"item\":\"https:\/\/mittgym.se\/solna\/medlemskap-priser\/\"},{\"@type\":\"ListItem\",\"position\":3,\"name\":\"Presentkort\"}]},{\"@type\":\"WebSite\",\"@id\":\"https:\/\/mittgym.se\/solna\/#website\",\"url\":\"https:\/\/mittgym.se\/solna\/\",\"name\":\"MittGym Solna\",\"description\":\"\",\"publisher\":{\"@id\":\"https:\/\/mittgym.se\/solna\/#organization\"},\"potentialAction\":[{\"@type\":\"SearchAction\",\"target\":{\"@type\":\"EntryPoint\",\"urlTemplate\":\"https:\/\/mittgym.se\/solna\/?s={search_term_string}\"},\"query-input\":{\"@type\":\"PropertyValueSpecification\",\"valueRequired\":true,\"valueName\":\"search_term_string\"}}],\"inLanguage\":\"sv-SE\"},{\"@type\":\"Organization\",\"@id\":\"https:\/\/mittgym.se\/solna\/#organization\",\"name\":\"MittGym\",\"url\":\"https:\/\/mittgym.se\/solna\/\",\"logo\":{\"@type\":\"ImageObject\",\"inLanguage\":\"sv-SE\",\"@id\":\"https:\/\/mittgym.se\/solna\/#\/schema\/logo\/image\/\",\"url\":\"https:\/\/mittgym.se\/solna\/wp-content\/uploads\/sites\/2\/2017\/03\/mittgym-og-default.jpg\",\"contentUrl\":\"https:\/\/mittgym.se\/solna\/wp-content\/uploads\/sites\/2\/2017\/03\/mittgym-og-default.jpg\",\"width\":500,\"height\":500,\"caption\":\"MittGym\"},\"image\":{\"@id\":\"https:\/\/mittgym.se\/solna\/#\/schema\/logo\/image\/\"},\"sameAs\":[\"https:\/\/www.facebook.com\/mittgym.se\/solna\/\",\"https:\/\/www.instagram.com\/mittgym\/\"]}]}<\/script>\n<!-- \/ Yoast SEO plugin. -->","yoast_head_json":{"title":"Presentkort - MittGym Solna","robots":{"index":"index","follow":"follow","max-snippet":"max-snippet:-1","max-image-preview":"max-image-preview:large","max-video-preview":"max-video-preview:-1"},"canonical":"https:\/\/mittgym.se\/solna\/medlemskap-priser\/ge-bort-traning-i-present\/","og_locale":"sv_SE","og_type":"article","og_title":"Presentkort - MittGym Solna","og_description":"Presentkort p\u00e5 tr\u00e4ning Att ge bort tr\u00e4ning till n\u00e5gon du bryr dig om \u00e4r en grymt uppskattad present. Ge bort ett \u00e5rsmedlemskap eller varf\u00f6r inte...","og_url":"https:\/\/mittgym.se\/solna\/medlemskap-priser\/ge-bort-traning-i-present\/","og_site_name":"MittGym Solna","article_publisher":"https:\/\/www.facebook.com\/mittgym.se\/solna\/","article_modified_time":"2019-04-09T12:52:20+00:00","og_image":[{"width":500,"height":500,"url":"https:\/\/mittgym.se\/solna\/wp-content\/uploads\/sites\/2\/2017\/03\/mittgym-og-default.jpg","type":"image\/jpeg"}],"twitter_card":"summary_large_image","schema":{"@context":"https:\/\/schema.org","@graph":[{"@type":"WebPage","@id":"https:\/\/mittgym.se\/solna\/medlemskap-priser\/ge-bort-traning-i-present\/","url":"https:\/\/mittgym.se\/solna\/medlemskap-priser\/ge-bort-traning-i-present\/","name":"Presentkort - MittGym Solna","isPartOf":{"@id":"https:\/\/mittgym.se\/solna\/#website"},"datePublished":"2012-03-02T09:37:44+00:00","dateModified":"2019-04-09T12:52:20+00:00","breadcrumb":{"@id":"https:\/\/mittgym.se\/solna\/medlemskap-priser\/ge-bort-traning-i-present\/#breadcrumb"},"inLanguage":"sv-SE","potentialAction":[{"@type":"ReadAction","target":["https:\/\/mittgym.se\/solna\/medlemskap-priser\/ge-bort-traning-i-present\/"]}]},{"@type":"BreadcrumbList","@id":"https:\/\/mittgym.se\/solna\/medlemskap-priser\/ge-bort-traning-i-present\/#breadcrumb","itemListElement":[{"@type":"ListItem","position":1,"name":"Hem","item":"https:\/\/mittgym.se\/solna\/"},{"@type":"ListItem","position":2,"name":"Medlemskap &amp; priser","item":"https:\/\/mittgym.se\/solna\/medlemskap-priser\/"},{"@type":"ListItem","position":3,"name":"Presentkort"}]},{"@type":"WebSite","@id":"https:\/\/mittgym.se\/solna\/#website","url":"https:\/\/mittgym.se\/solna\/","name":"MittGym Solna","description":"","publisher":{"@id":"https:\/\/mittgym.se\/solna\/#organization"},"potentialAction":[{"@type":"SearchAction","target":{"@type":"EntryPoint","urlTemplate":"https:\/\/mittgym.se\/solna\/?s={search_term_string}"},"query-input":{"@type":"PropertyValueSpecification","valueRequired":true,"valueName":"search_term_string"}}],"inLanguage":"sv-SE"},{"@type":"Organization","@id":"https:\/\/mittgym.se\/solna\/#organization","name":"MittGym","url":"https:\/\/mittgym.se\/solna\/","logo":{"@type":"ImageObject","inLanguage":"sv-SE","@id":"https:\/\/mittgym.se\/solna\/#\/schema\/logo\/image\/","url":"https:\/\/mittgym.se\/solna\/wp-content\/uploads\/sites\/2\/2017\/03\/mittgym-og-default.jpg","contentUrl":"https:\/\/mittgym.se\/solna\/wp-content\/uploads\/sites\/2\/2017\/03\/mittgym-og-default.jpg","width":500,"height":500,"caption":"MittGym"},"image":{"@id":"https:\/\/mittgym.se\/solna\/#\/schema\/logo\/image\/"},"sameAs":["https:\/\/www.facebook.com\/mittgym.se\/solna\/","https:\/\/www.instagram.com\/mittgym\/"]}]}},"_links":{"self":[{"href":"https:\/\/mittgym.se\/solna\/wp-json\/wp\/v2\/pages\/213","targetHints":{"allow":["GET"]}}],"collection":[{"href":"https:\/\/mittgym.se\/solna\/wp-json\/wp\/v2\/pages"}],"about":[{"href":"https:\/\/mittgym.se\/solna\/wp-json\/wp\/v2\/types\/page"}],"author":[{"embeddable":true,"href":"https:\/\/mittgym.se\/solna\/wp-json\/wp\/v2\/users\/1"}],"replies":[{"embeddable":true,"href":"https:\/\/mittgym.se\/solna\/wp-json\/wp\/v2\/comments?post=213"}],"version-history":[{"count":4,"href":"https:\/\/mittgym.se\/solna\/wp-json\/wp\/v2\/pages\/213\/revisions"}],"predecessor-version":[{"id":2345,"href":"https:\/\/mittgym.se\/solna\/wp-json\/wp\/v2\/pages\/213\/revisions\/2345"}],"up":[{"embeddable":true,"href":"https:\/\/mittgym.se\/solna\/wp-json\/wp\/v2\/pages\/17"}],"wp:attachment":[{"href":"https:\/\/mittgym.se\/solna\/wp-json\/wp\/v2\/media?parent=213"}],"curies":[{"name":"wp","href":"https:\/\/api.w.org\/{rel}","templated":true}]}}